{"id":70741,"date":"2015-11-25T12:11:24","date_gmt":"2015-11-25T12:11:24","guid":{"rendered":"http:\/\/factory.commercegurus.com\/?page_id=70741"},"modified":"2025-08-30T19:05:38","modified_gmt":"2025-08-30T17:05:38","slug":"preise","status":"publish","type":"page","link":"https:\/\/www.naturheilpraxis1a.ch\/index.php\/preise\/","title":{"rendered":"Tarif"},"content":{"rendered":"<div class=\"wpb-content-wrapper\"><p>[vc_row type=&#8221;container&#8221;][vc_column][vc_column_text css=&#8221;.vc_custom_1756573506016{margin-top: 90px !important;}&#8221;]<strong>Folgende Dienstleistungen werden verrechnet:<\/strong><br \/>\n\u2022 Konsultationen \/ Beratungen (Termin in der Praxis, Telefonate, Emails)<br \/>\n\u2022 Verbandsmaterial, Blutegel, Arznei- &amp; Heilmittel (Ceres, Phytotherapeutika, Sch\u00fcssler Salze, etc.), Mikron\u00e4hrstoffe, Rezepte<br \/>\n\u2022 Administrative Vor \u2013 und Nachbearbeitungszeit (Auswertungen der Diagnostik, Arztbriefe, Arztgespr\u00e4che, Berichterstattung an die Krankenkassen, Aktenstudium, Therapie-Konzepterstellung, etc.) wird wie effektive Therapiezeit verrechnet<\/p>\n<p><strong>Unentschuldigte Termin-Absagen<\/strong><br \/>\n\u2022 Da wir vermehrt verbindlich vereinbarte Patienten-Termine registrieren, wo entweder der Patient zum abgemachten Termin nicht erscheint, sogenannte \u00abNo Shows\u00bb oder der Termin sehr oder zu kurzfristig abgesagt wird, sind wir leider gezwungen unsere Bedingungen anzupassen.<br \/>\n\u2022 Verbindlich von uns best\u00e4tigte Termine m\u00fcssen zwingend mindestens 48 Stunden vor dem Termin pers\u00f6nlich und telefonisch abgesagt oder verschoben werden, ansonsten wir 90 Minuten Aufwand als unentschuldigter Termin in Rechnung stellen m\u00fcssen. Wir danken f\u00fcr Ihr Verst\u00e4ndnis!<\/p>\n<p><strong>Zusatzversicherung \/ Tarif 590 \/ ambulante komplement\u00e4rmedizinische Leistungen:<\/strong><br \/>\n\u2022 Grunds\u00e4tzlich berechnet sich der 5-Minuten Tarif aus der Ausbildung des Therapeuten\/der Therapeutin und der registrierten komplement\u00e4rmedizinischen Methode der Tarifstruktur 590. Seit Januar 2018 ist die Verrechnung gem\u00e4ss Tarif 590 obligatorisch und jede Leistung muss gem\u00e4ss den gesetzlich geltenden Richtlinien (VVG) mit dem 5-Minuten-Tarif abgerechnet werden.<\/p>\n<p><strong>Stundenansatz mit einem reglementierten Berufsabschluss<\/strong>:<br \/>\n\u2022 Therapeuten: 14.00 bis 14.50 pro 5 Minuten (inkl. Mehrwertsteuer)<br \/>\n\u2022 Osteopathen mit Bachelor: 16.00 pro 5 Minuten (inkl. Mehrwertsteuer)<br \/>\n\u2022 Osteopathen mit Master: 18.00 pro 5 Minuten (inkl. Mehrwertsteuer)<br \/>\n\u2022 Dipl. Naturheilpraktiker WAM\/TEN = Naturarzt: ausstehende KK-Tarifverordnungen<\/p>\n<p><strong>Reglementierte Berufsabschl\u00fcsse:<\/strong><br \/>\n\u2022 Eidg. Diplom<br \/>\n\u2022 Branchenzertifikat der OdA KT<br \/>\n\u2022 Branchenzertifikat und EMR-Registrierung zu den Berufspraxisjahren der OdA Artecura<br \/>\n<strong>\u2022 <\/strong>Alternativmedizin Schweiz OdA: <strong><a href=\"https:\/\/www.naturheilpraxis1a.ch\/wp-content\/uploads\/2024\/12\/EMR_ODA_12.10.24-bis-12.10.25-1.pdf\">Zertifikat der OdA AM<\/a><\/strong><br \/>\n\u2022 Eidg. Fachausweis<\/p>\n<p><strong>Rechnungen sowie R\u00fcckforderungsbelege f\u00fcr Ihre Krankenkasse werden Ihnen via \u00c4rztekasse Kriens zugestellt.<\/strong>[\/vc_column_text][\/vc_column][\/vc_row]<\/p>\n<\/div>","protected":false},"excerpt":{"rendered":"<p>[vc_row type=&#8221;container&#8221;][vc_column][vc_column_text css=&#8221;.vc_custom_1756573506016{margin-top: 90px !important;}&#8221;]Folgende Dienstleistungen werden verrechnet: \u2022 Konsultationen \/ Beratungen (Termin in der Praxis, Telefonate, Emails) \u2022 Verbandsmaterial, Blutegel, Arznei- &amp; Heilmittel (Ceres, Phytotherapeutika, Sch\u00fcssler Salze, etc.), Mikron\u00e4hrstoffe, Rezepte \u2022 Administrative Vor \u2013 und Nachbearbeitungszeit (Auswertungen der Diagnostik, Arztbriefe, Arztgespr\u00e4che, Berichterstattung an die Krankenkassen, Aktenstudium, Therapie-Konzepterstellung, etc.) wird wie effektive Therapiezeit verrechnet Unentschuldigte [&hellip;]<\/p>\n","protected":false},"author":1,"featured_media":70784,"parent":0,"menu_order":0,"comment_status":"closed","ping_status":"closed","template":"page-full-width.php","meta":{"_acf_changed":false,"footnotes":""},"class_list":["post-70741","page","type-page","status-publish","has-post-thumbnail","hentry"],"acf":[],"_links":{"self":[{"href":"https:\/\/www.naturheilpraxis1a.ch\/index.php\/wp-json\/wp\/v2\/pages\/70741","targetHints":{"allow":["GET"]}}],"collection":[{"href":"https:\/\/www.naturheilpraxis1a.ch\/index.php\/wp-json\/wp\/v2\/pages"}],"about":[{"href":"https:\/\/www.naturheilpraxis1a.ch\/index.php\/wp-json\/wp\/v2\/types\/page"}],"author":[{"embeddable":true,"href":"https:\/\/www.naturheilpraxis1a.ch\/index.php\/wp-json\/wp\/v2\/users\/1"}],"replies":[{"embeddable":true,"href":"https:\/\/www.naturheilpraxis1a.ch\/index.php\/wp-json\/wp\/v2\/comments?post=70741"}],"version-history":[{"count":42,"href":"https:\/\/www.naturheilpraxis1a.ch\/index.php\/wp-json\/wp\/v2\/pages\/70741\/revisions"}],"predecessor-version":[{"id":71910,"href":"https:\/\/www.naturheilpraxis1a.ch\/index.php\/wp-json\/wp\/v2\/pages\/70741\/revisions\/71910"}],"wp:featuredmedia":[{"embeddable":true,"href":"https:\/\/www.naturheilpraxis1a.ch\/index.php\/wp-json\/"}],"wp:attachment":[{"href":"https:\/\/www.naturheilpraxis1a.ch\/index.php\/wp-json\/wp\/v2\/media?parent=70741"}],"curies":[{"name":"wp","href":"https:\/\/api.w.org\/{rel}","templated":true}]}}