{"id":71090,"date":"2016-07-21T00:46:45","date_gmt":"2016-07-20T22:46:45","guid":{"rendered":"http:\/\/wlu18www43.webland.ch\/?page_id=71090"},"modified":"2025-05-20T16:49:39","modified_gmt":"2025-05-20T14:49:39","slug":"diagnostik","status":"publish","type":"page","link":"https:\/\/www.naturheilpraxis1a.ch\/index.php\/therapien\/diagnostik\/","title":{"rendered":"Diagnostik"},"content":{"rendered":"<div class=\"wpb-content-wrapper\"><p>[vc_row type=&#8221;container&#8221;][vc_column][vc_column_text css=&#8221;.vc_custom_1747752576588{margin-top: 90px !important;}&#8221;]<em>&#8220;Will jemand gesund sein, so sollte man ihn zuerst fragen, ob er bereit ist, die Ursachen seiner Krankheit zu beseitigen, erst dann kann ihm geholfen werden.&#8221; Hippokrates<\/em><\/p>\n<p>Als Grundlage f\u00fcr ein ganzheitliches, komplexes und individuelles Therapiekonzept wird bei der ersten Konsultation nebst einer ausf\u00fchrlichen Anamnese, der Befunderhebung, die weiterf\u00fchrende Diagnostik sowie die Therapie je nach Beschwerdebild besprochen.<\/p>\n<p><strong>Diagnostik:<\/strong><\/p>\n<ul>\n<li>Blutanalysen (N\u00e4hrstoff-\/Sportler-\/Veganer-\/Vegetarier-Profile, Tumormarker, Mistellektine,\u00a0 Gluten\/Histamin, Amino- &amp; Fetts\u00e4urenprofile, Knochenstoffwechsel,\u00a0 etc.)<\/li>\n<li>Diagnostik von Allergien &amp; Nahrungsmittelintoleranzen (IgE, IgG und IgG4-vermittelte Nahrungsmittelreaktionen, Gluten-und Histaminintoleranz, etc.)<\/li>\n<li>Urinanalysen (Kryptopyrrol, Jod, Schwermetalle, etc.)<\/li>\n<li>Speichelanalysen (Hormone, Cortisol, etc.)<\/li>\n<li>Funktionelle Stuhldiagnostik &amp; molekulargenetische Mikobiomanalysen (Mikrobiologie, Bakteriologie, Parasiten, Toxine, etc.)<\/li>\n<li>Haaranalysen (Schwermetalle)<\/li>\n<li>Blutdruck &#8211; und Puls-Messung<\/li>\n<\/ul>\n<p>Zusammenarbeit mit speziellen Laboren ist mir wichtig, wo die Resultate durch Fach\u00e4rzte der Labormedizin FAMH validiert werden.<\/p>\n<p>&nbsp;<\/p>\n<p><strong>Zur ersten Konsultation bitte folgendes mitnehmen \u2013 falls vorhanden:<\/strong><\/p>\n<ul>\n<li>Einnahme-Liste (Medikamente, Hausmittel, Vitamine, Nahrungserg\u00e4nzungsmittel, alternative Mittel, Tee, etc.)<\/li>\n<li>S\u00e4mtliche vorhandene Laborwerte und\u00a0Arztberichte<\/li>\n<li>Berichte von Untersuchungen (MRT, CT, R\u00f6ntgen, PET-CT, Magen-Darm-Spiegelung, etc.)<\/li>\n<li>Berichte von Biopsien (Histologie, Pathologie, Molekulargenetik)<\/li>\n<li>Impfausweis<\/li>\n<li>Allergie-Ausweis<\/li>\n<li>Insulinschema, Blutzuckerkontrollen, inkl. Hb1Ac<\/li>\n<li>Blutdruck-Tabellen<\/li>\n<\/ul>\n<p>[\/vc_column_text][\/vc_column][\/vc_row]<\/p>\n<\/div>","protected":false},"excerpt":{"rendered":"<p>[vc_row type=&#8221;container&#8221;][vc_column][vc_column_text css=&#8221;.vc_custom_1747752576588{margin-top: 90px !important;}&#8221;]&#8220;Will jemand gesund sein, so sollte man ihn zuerst fragen, ob er bereit ist, die Ursachen seiner Krankheit zu beseitigen, erst dann kann ihm geholfen werden.&#8221; Hippokrates Als Grundlage f\u00fcr ein ganzheitliches, komplexes und individuelles Therapiekonzept wird bei der ersten Konsultation nebst einer ausf\u00fchrlichen Anamnese, der Befunderhebung, die weiterf\u00fchrende Diagnostik sowie [&hellip;]<\/p>\n","protected":false},"author":4,"featured_media":0,"parent":73,"menu_order":0,"comment_status":"closed","ping_status":"closed","template":"page-full-width.php","meta":{"_acf_changed":false,"footnotes":""},"class_list":["post-71090","page","type-page","status-publish","hentry"],"acf":[],"_links":{"self":[{"href":"https:\/\/www.naturheilpraxis1a.ch\/index.php\/wp-json\/wp\/v2\/pages\/71090","targetHints":{"allow":["GET"]}}],"collection":[{"href":"https:\/\/www.naturheilpraxis1a.ch\/index.php\/wp-json\/wp\/v2\/pages"}],"about":[{"href":"https:\/\/www.naturheilpraxis1a.ch\/index.php\/wp-json\/wp\/v2\/types\/page"}],"author":[{"embeddable":true,"href":"https:\/\/www.naturheilpraxis1a.ch\/index.php\/wp-json\/wp\/v2\/users\/4"}],"replies":[{"embeddable":true,"href":"https:\/\/www.naturheilpraxis1a.ch\/index.php\/wp-json\/wp\/v2\/comments?post=71090"}],"version-history":[{"count":20,"href":"https:\/\/www.naturheilpraxis1a.ch\/index.php\/wp-json\/wp\/v2\/pages\/71090\/revisions"}],"predecessor-version":[{"id":71863,"href":"https:\/\/www.naturheilpraxis1a.ch\/index.php\/wp-json\/wp\/v2\/pages\/71090\/revisions\/71863"}],"up":[{"embeddable":true,"href":"https:\/\/www.naturheilpraxis1a.ch\/index.php\/wp-json\/wp\/v2\/pages\/73"}],"wp:attachment":[{"href":"https:\/\/www.naturheilpraxis1a.ch\/index.php\/wp-json\/wp\/v2\/media?parent=71090"}],"curies":[{"name":"wp","href":"https:\/\/api.w.org\/{rel}","templated":true}]}}